054507 is divided by 54?
51
Calculate the remainder when 62429 is divided by 15437.
681
What is the remainder when 66556679 is divided by 7459?
22
Calculate the remainder when 74091235 is divided by 1058446.
15
Calculate the remainder when 2802756 is divided by 16.
4
Calculate the remainder when 2399808 is divided by 399962.
36
Calculate the remainder when 72242 is divided by 327.
302
What is the remainder when 43615 is divided by 104?
39
Calculate the remainder when 23752 is divided by 3567.
2350
Calculate the remainder when 1590963 is divided by 2445.
1713
What is the remainder when 4392610 is divided by 856?
474
Calculate the remainder when 604593 is divided by 201507.
72
Calculate the remainder when 13694556 is divided by 21.
15
What is the remainder when 5065603 is divided by 39268?
31
Calculate the remainder when 2381819 is divided by 1171.
5
Calculate the remainder when 2279312 is divided by 20.
12
What is the remainder when 580180322 is divided by 381?
380
What is the remainder when 1283210 is divided by 51315?
335
What is the remainder when 22617 is divided by 10219?
2179
What is the remainder when 1946397 is divided by 6667?
6300
Calculate the remainder when 259322 is divided by 64723.
430
Calculate the remainder when 478996 is divided by 1800.
196
What is the remainder when 207989251 is divided by 20798925?
1
Calculate the remainder when 360133 is divided by 9773.
8305
Calculate the remainder when 53274 is divided by 13310.
34
Calculate the remainder when 13534 is divided by 44.
26
What is the remainder when 10072943 is divided by 2518233?
11
What is the remainder when 270634 is divided by 86179?
12097
Calculate the remainder when 41951 is divided by 13831.
458
What is the remainder when 38397624 is divided by 875?
874
What is the remainder when 115075021 is divided by 1336?
1333
Calculate the remainder when 4791037 is divided by 5850.
5737
What is the remainder when 68579 is divided by 457?
29
Calculate the remainder when 303903 is divided by 200.
103
What is the remainder when 451364 is divided by 1398?
1208
Calculate the remainder when 890512 is divided by 148411.
46
Calculate the remainder when 22808250 is divided by 273.
192
Calculate the remainder when 844709355 is divided by 978.
975
Calculate the remainder when 26022 is divided by 24369.
1653
What is the remainder when 391078 is divided by 132?
94
Calculate the remainder when 17739 is divided by 193.
176
What is the remainder when 10840248 is divided by 331?
329
What is the remainder when 100572 is divided by 2901?
1938
What is the remainder when 36622176 is divided by 2034565?
6
What is the remainder when 127297 is divided by 271?
198
Calculate the remainder when 12450 is divided by 3143.
3021
Calculate the remainder when 1618173 is divided by 809066.
41
What is the remainder when 325710 is divided by 14160?
30
What is the remainder when 183495 is divided by 695?
15
Calculate the remainder when 135053 is divided by 701.
461
Calculate the remainder when 90915 is divided by 44751.
1413
Calculate the remainder when 2531045 is divided by 2.
1
Calculate the remainder when 1701040 is divided by 59.
11
What is the remainder when 953407 is divided by 1023?
994
Calculate the remainder when 10953213 is divided by 512.
509
What is the remainder when 8225138 is divided by 139405?
243
What is the remainder when 56851 is divided by 917?
914
What is the remainder when 19691564 is divided by 162?
140
Calculate the remainder when 5284447 is divided by 83.
3
Calculate the remainder when 9077377 is divided by 34.
23
Calculate the remainder when 146186 is divided by 245.
166
Calculate the remainder when 297784076 is divided by 2640.
2636
What is the remainder when 798341 is divided by 264762?
4055
Calculate the remainder when 138890 is divided by 7711.
92
What is the remainder when 52618991 is divided by 1105?
1101
Calculate the remainder when 3353515 is divided by 23.
0
Calculate the remainder when 743825 is divided by 6752.
1105
What is the remainder when 402591 is divided by 83?
41
What is the remainder when 280214 is divided by 84?
74
Calculate the remainder when 10649694 is divided by 35.
34
What is the remainder when 567562 is divided by 77?
72
Calculate the remainder when 188377676 is divided by 680.
676
Calculate the remainder when 67885 is divided by 26.
25
Calculate the remainder when 202935047 is divided by 27.
23
What is the remainder when 5151933 is divided by 2575964?
5
Calculate the remainder when 6827216 is divided by 42405.
11
What is the remainder when 21652557 is divided by 55?
47
Calculate the remainder when 104198 is divided by 874.
192
What is the remainder when 2488060 is divided by 4668?
16
Calculate the remainder when 256962 is divided by 8284.
158
Calculate the remainder when 185785708 is divided by 165.
163
Calculate the remainder when 140041 is divided by 443.
53
What is the remainder when 37812 is divided by 2134?
1534
Calculate the remainder when 62133899 is divided by 39.
35
What is the remainder when 90656 is divided by 5466?
3200
What is the remainder when 964499314 is divided by 44?
42
What is the remainder when 248732 is divided by 199?
181
What is the remainder when 3145168 is divided by 485?
428
Calculate the remainder when 5887149 is divided by 1227.
3
Calculate the remainder when 12547 is divided by 3122.
59
Calculate the remainder when 9733986 is divided by 39569.
12
What is the remainder when 24063 is divided by 23077?
986
Calculate the remainder when 55917 is divided by 79.
64
Calculate the remainder when 6765158 is divided by 6765107.
51
Calculate the remainder when 98707798 is divided by 300.
298
What is the remainder when 5818238 is divided by 7?
6
Calculate the remainder when 2176418 is divided by 1723.
269
Calculate the remainder when 117349 is divided by 14650.
149
What is the remainder when 2931520 is divided by 139589?
151
What is the remainder when 226984 is divided by 113367?
250
Calculate the remainder when 35526640 is divided by 157.
52
Calculate the remainder when 4074507 is divided by 1031.
1026
What is the remainder when 911242 is divided by 181051?
5987
What is the remainder when 458258 is divided by 118?
64
What is the remainder when 737612863 is divided by 32?
31
Calculate the remainder when 1930143 is divided by 102.
99
What is the remainder when 437590 is divided by 62501?
83
Calculate the remainder when 114093 is divided by 27757.
3065
What is the remainder when 5046931 is divided by 913?
780
What is the remainder when 17248598 is divided by 15197?
3
What is the remainder when 30502 is divided by 366?
124
Calculate the remainder when 46964 is divided by 59.
0
What is the remainder when 9914606 is divided by 266?
254
What is the remainder when 150222 is divided by 71401?
7420
Calculate the remainder when 7777880 is divided by 37.
36
What is the remainder when 352584083 is divided by 14669?
14668
What is the remainder when 3080596 is divided by 3189?
22
Calculate the remainder when 600794 is divided by 84.
26
Calculate the remainder when 822750 is divided by 7618.
6
What is the remainder when 12941769 is divided by 12941766?
3
Calculate the remainder when 59941727 is divided by 33.
32
Calculate the remainder when 450476 is divided by 150017.
425
What is the remainder when 423979 is divided by 141325?
4
Calculate the remainder when 103084786 is divided by 116.
110
Calculate the remainder when 48625 is divided by 308.
269
What is the remainder when 141687331 is divided by 47229099?
34
Calculate the remainder when 80822649 is divided by 5253.
5244
What is the remainder when 24110810 is divided by 55300?
10
What is the remainder when 194345 is divided by 24275?
145
What is the remainder when 215518 is divided by 1410?
1198
Calculate the remainder when 1013708 is divided by 1013678.
30
Calculate the remainder when 6535 is divided by 5169.
1366
What is the remainder when 1355710 is divided by 313?
107
What is the remainder when 2766260 is divided by 868?
812
Calculate the remainder when 4812222 is divided by 2053.
2043
Calculate the remainder when 811063 is divided by 130.
123
Calculate the remainder when 1583486 is divided by 151.
100
What is the remainder when 32980006 is divided by 110301?
7
What is the remainder when 66907 is divi